. Give i(s).
-6
Let y(s) be the first derivative of 2 + 1/4*s**4 - s + s**3 - 7/2*s**2. Calculate y(-5).
-16
Let i be (-6)/15 - (-74)/10. Suppose i = 3*v - 2. Let l(f) be the first derivative of f**2 - 3*f - 16. Give l(v).
3
Let c be (3 + -2)*1*(-2 + -4). Let u(i) = i + 11. What is u(c)?
5
Let m(h) be the first derivative of h**3/3 + 3*h**2 + 2*h + 1552. Let a be (4 + (-1 - 0))*-2. What is m(a)?
2
Let x(l) = 4 - 7*l**2 - 7*l**2 - 1 - 7*l - l**3 + 6*l**2. Let h(j) = j**3 - 7*j**2 - 18*j - 7. Let k be h(9). Give x(k).
3
Let n(p) = 8*p**2 - 6*p - 9. Let h(g) = 3*g**2 - 2*g - 3. Let o(b) = -11*h(b) + 4*n(b). Let m(s) = 5*s - 3. Let d be m(3). Let w be 8/d - 33/9. Calculate o(w).
-6
Let o(j) = j**3 + j**2 + j + 3. Let z(l) be the second derivative of -l**4/6 - 13*l**3/6 + 7*l**2/2 + 36*l. Let m be z(-7). Determine o(m).
3
Let x = 11 - 15. Let v(m) = 5*m**2 + 14*m + 9*m**3 - 9 - 2*m**3 - 19*m. Let o(y) = 11*y**3 + 7*y**2 - 8*y - 14. Let j(i) = 5*o(i) - 8*v(i). Give j(x).
-14
Let f(p) = 12*p**3 - 39*p**2 + 32*p + 21. Let r(k) = -7*k**3 + 20*k**2 - 16*k - 11. Let t(o) = -3*f(o) - 5*r(o). Calculate t(16).
-8
Suppose -h = -6 + 4. Let t(g) = 3 + 0 - 2*g**h + 7*g + 3*g**2. Suppose -7*k + 3*k - 20 = 0. Give t(k).
-7
Let u(w) = w - 9. Let i be u(0). Let f(n) = 2*n - n + 14*n**2 - 5*n**2 - 34 + n**3 + 28. What is f(i)?
-15
Let j(x) be the second derivative of x**4/12 - 7*x**3/6 - x**2 - 12*x. Let b(g) = 3*g**2 - 20*g - 6. Let d(y) = -4*b(y) + 11*j(y). Determine d(4).
-2
Let a be (-6)/(((-2)/3)/(-3 + 7)). Let i(z) = -3*z**3 - a + 4*z**3 + 38 - z**2 - z. What is i(-2)?
-8
Let u(j) = 2*j + 14*j - 3*j**2 - j - 5 + 19. Let n be u(6). Let m(i) = i - 4. Calculate m(n).
-8
Let f(h) = -1. Let t(l) = -l**2 - 2*l + 1. Let m(n) = -2*f(n) + t(n). Let z be (270/280 + (-10)/(-35))*-4. Calculate m(z).
-12
Suppose -6*x + x - 15 = 0. Let t(q) = q**3 - 6*q**2 - 7*q + 6. Let a be t(7). Let s(i) = i**3 - 1 + 3 + 2*i + a*i**2 - i - 3*i**2. Calculate s(x).
-1
Let t(j) = -j**3 - 3*j**2 - 3*j + 1. Let r be t(-2). Suppose r*u + k = -3*k + 55, -k = 3*u - 43. Let s(b) = -5 - 6 + u - b**2 - 14. Calculate s(0).
-12
Let b(j) = -3*j - 9. Suppose -i = 3*n - 2*n - 22, -i + 5*n = -16. Suppose -i = f + 2*f. Determine b(f).
12
Suppose -k - 3*p - 23 = -1, -2*k + p - 9 = 0. Let z(i) be the third derivative of -1/24*i**4 + 1/6*i**3 + 0 + 0*i - 10*i**2. What is z(k)?
8
Let i(t) = -21*t**3 + 2*t**2 + 3*t - 5. Let u(k) = 3*k**3 - k + 1. Let z(s) = i(s) + 6*u(s). Calculate z(2).
-21
Let r be -1 + 5*(-4)/(-20). Suppose -5*t + r*m - 3 = 2*m, 3*m + 11 = -t. Let d(u) = 6*u**2 + u. Calculate d(t).
7
Let z(o) = -5*o + 0*o - 1170 + 1173. What is z(5)?
-22
Let a be ((-4)/5)/((-26)/65). Let o(f) = -a + 2*f**2 - 2*f**2 - f**2 - 8*f - 7. Calculate o(-6).
3
Let c(w) be the second derivative of w**4/4 - w**3/3 - w**2/2 - 10*w. Let a = -190 + 188. Calculate c(a).
15
Let h(m) be the first derivative of -5*m**2 + m + 1. Let y(w) = -w**2 - 3*w + 4. Let s be y(3). Let c be (-36)/28 + (-4)/s. Give h(c).
11
Let b(f) = -5*f**2 + 6*f**2 - 2 - 3. Let v(i) = i**2 - 4. Let m(j) = 4*b(j) - 5*v(j). Determine m(0).
0
Let p(o) = 5 + 6 - 9*o + 8*o. Let v(x) = -x**3 + 7*x**2 - 6*x - 11. Let l be v(5). Calculate p(l).
2
Suppose 0 = 13*a - 7*a - 6. Let u(y) = -2 + 4 - a - 4*y - 11*y. Calculate u(1).
-14
Let r be (-2 - -1)*(2 + -3). Let u(l) be the second derivative of -1/2*l**2 + 1/3*l**3 + 0 + 8*l + 7/20*l**5 + 0*l**4. Calculate u(r).
8
Let c(t) = 2*t - 1. Let x(z) = -6*z**3 + 3*z**2 + 2*z + 6. Let n be x(3). Let o = n - -124. Calculate c(o).
1
Suppose -5*t = -2*h + 26, -3*t - 5*h + 8 = -6*t. Let j = t + 4. Let n(q) = q**3 + 2*q**2 + 2*q. Give n(j).
-4
Let f(b) = 2*b**3 + 3*b**2 - 3*b + 3. Let m(v) = -v**3 - v**2 + 2*v - 2. Suppose n = -4*n - 35. Let i = n + 4. Let s(j) = i*f(j) - 5*m(j). What is s(-3)?
-5
Suppose 339 - 311 = 4*k. Let w(o) be the second derivative of o**3/3 - 4*o**2 + 2*o. Give w(k).
6
Let d(v) = v**2 - 10. Let f be d(-5). Let h(p) = -f*p**2 - 2*p - 25*p**3 + 11*p**2 - 2 + 24*p**3. Determine h(-3).
-5
Let l = -6 - -9. Let g(b) = -5 - b + 8*b - l*b. Let y = 253 - 249. Give g(y).
11
Suppose w - 5 = -c, 5*w - c - 5 = w. Let q be 3 + 0 + -2 - w. Let d(o) = 2*o**2 - o. Let k be d(q). Let j(s) = 2*s. Calculate j(k).
6
Let j(c) = -2 + c**2 - 2*c - 3 + 0 + 3. Determine j(3).
1
Let w(u) = -3 - 2*u**2 + 5 + 0 + u. Let c be (-1 - 0)*(-1 - -2). Let j = -1 + c. What is w(j)?
-8
Let u = -229 + 238. Let t(c) = c**2 - 7*c - 5. Give t(u).
13
Let c(r) be the third derivative of -r**6/120 + 7*r**5/60 - r**4/3 - 2*r**3/3 - 283*r**2. Give c(5).
6
Let l(m) = m + 7. Let n be (114/(-15))/((-5)/(-25)). Let i = -38 - n. Determine l(i).
7
Let h = 26 + -25. Let i(a) = a**3 + a - 2*a + 3*a**2 + 0 - 2*a**2 - h. What is i(-1)?
0
Let a = 353 - 348. Let p(g) = g**3 - 5*g**2 - g - 2. Give p(a).
-7
Let j(h) = -h**2 + 1. Let c(m) = m**3 + 7*m**2 + 13. Let d(b) = -c(b) + 2*j(b). Suppose -687 = 60*p - 147. Give d(p).
-11
Let z = -4 - -8. Suppose 0*b = -4*f - 4*b - 20, z*b + 20 = -f. Let s(t) = t**3 + t**2 - 6. Give s(f).
-6
Let a = 1235 + -1238. Let r(p) = 2*p**2 + 13*p - 7. Let y(q) = -5*q + 6*q - 3 + 5*q + q**2. Let z(s) = -6*r(s) + 13*y(s). Give z(a).
12
Let o(f) be the second derivative of f**3/2 - 10*f**2 + 17*f. Let j be o(8). Let d(a) = a**2 - 4*a - 4. What is d(j)?
-4
Let r(h) be the third derivative of 0*h + 3/2*h**3 - 16*h**2 + 0 + 1/12*h**4. Let n = -7 - 0. Calculate r(n).
-5
Suppose 16*a - 2*a = -3*a. Let x(d) = 2*d - 14. Give x(a).
-14
Let q(y) = 3*y - 7. Suppose -5*k + 29 - 39 = 0, 5*o - 13 = -k. Determine q(o).
2
Let q(y) = y**3 + 6*y**2 - 8*y - 6. Let s be 2 - 13 - (26 - 30). Give q(s).
1
Let m(p) be the first derivative of p**4/4 - 10*p**3/3 - 13*p**2/2 + 20*p - 14. Let o be m(11). Let a(v) = v**3 + 2*v**2 - 2*v - 1. Give a(o).
3
Let v be -5 + (-465)/(-27)*(-30)/(-100). Let a(t) be the second derivative of -8*t + 8*t**2 + v*t**3 + 0. What is a(-7)?
9
Let j(t) = -7 + 470*t + t**3 - 937*t + 470*t - 5*t**2. Give j(5).
8
Let b(f) = f**3 + 3*f**2 + 3*f + 1. Let v(k) = -k**2 + 4*k + 6. Let q be v(6). Let u = -422 + 426. Let g = q + u. Determine b(g).
-1
Let b = 393 + -392. Let c(v) = -v - 1. Determine c(b).
-2
Let d(c) = -3*c**2 - c. Suppose 0 = 2*r - 3*l - 5, -5*r = -3*l + l - 40. Let z = -11 + r. Give d(z).
-2
Let n(f) = -f**3 - 4*f**2 - 6*f - 6. Let x be n(-2). Suppose 0 = -o + 3*o - 4. Let i(g) = -o*g**2 - 2 + 0*g**2 + g**2. Calculate i(x).
-6
Let l(s) = s. Suppose 0 = 4*q + 3*r - 8 - 80, 1 = -q + 5*r. Let a = -14 + q. Calculate l(a).
5
Let t(k) = -k + 2. Let f be (1 - -123)*16/(-32). Let w = f - -60. Give t(w).
4
Suppose -4*s + 6 = -2*l, s + s - 12 = 4*l. Let y(u) = u - 5. Give y(s).
-5
Let i(f) be the first derivative of f**3/6 + 3*f**2 - 8*f - 11. Let u(b) be the first derivative of i(b). Determine u(0).
6
Let g(q) = -4*q**2 - 42*q + 15. Let b be g(-11). Let j be -1*(-1)/(-2)*0. Let z(x) = -20 + 30 + j*x + 2*x. Give z(b).
-4
Suppose 22*i + 159 = 25*i. Let y(x) = -i*x + 9 + 59*x - x**2 - 6. What is y(5)?
8
Let n(k) = 7*k**3 - k**2 + 2*k + 14. Let t(o) = -3*o**3 + o**2 - o - 7. Let l(s) = 4*n(s) + 9*t(s). Give l(-5).
-2
Let j(n) be the third derivative of -2/15*n**5 - n**3 + 0 + 34*n**2 + 5/12*n**4 + 0*n + 1/120*n**6. Calculate j(6).
-18
Suppose 0*h + 7 = 2*h - 3*s, 3*h + 5*s = 1. Let m(u) be the second derivative of -1/12*u**4 - 6*u + 5/6*u**3 + 1/2*u**h + 0. Determine m(6).
-5
Let f(t) = 5*t - 2. Let c = -305 + 306. Give f(c).
3
Let m(v) = -v**2 - 8*v + 6. Let p(j) = 5*j**3 + 34 - 35 - 7*j**2 - j - 4*j**3. Let f be p(7). Determine m(f).
6
Let h(p) = 3*p**2 - 4*p - 3. Let s(q) = -q**2 + q + 1. Let n(u) = 4*h(u) + 11*s(u). What is n(5)?
-1
Let t(u) = 12*u - 7. Let r(s) = -33*s + 22. Let w(q) = 32*q - 22. Let b(l) = 6*r(l) + 5*w(l). Let f(o) = 5*b(o) + 16*t(o). Calculate f(-2).
-6
Suppose 13*g + 4 = 14*g. Suppose -t - 4*r - r = -3, g*t - 12 = r. Let j(w) = w**3 - 3*w**2 - w. What is j(t)?
-3
Let s(y) = 3*y + 6. Suppose 85 = 4*g - 4*d - 19, 0 = -2*g + 4*d + 56. Suppose -3*a = -9*a - g. Calculate s(a).
-6
Let l be 8 + (-1)/1 + 3. Suppose 0 = 3*a - n - 19, 3*a - 23 = 32*n - 27*n. Suppose k = a*k - l. Let c(f) = f**3 - 2*f**2 - f + 2. Determine c(k).
0
Let o(p) = -p**3 + 4*p**2 - 3*p + 3. Suppose 12*r + 30 = 17*r. Let h = -3 + r. Determi